8?
7
What is the tens digit of 7843017?
1
What is the millions digit of 48706493?
8
What is the tens digit of 560292416?
1
What is the millions digit of 67667617?
7
What is the thousands digit of 83175695?
5
What is the thousands digit of 1739553443?
3
What is the thousands digit of 143839720?
9
What is the millions digit of 64711302?
4
What is the units digit of 118114549?
9
What is the ten millions digit of 363749701?
6
What is the tens digit of 1015089685?
8
What is the ten thousands digit of 17385575?
8
What is the thousands digit of 196199397?
9
What is the units digit of 443490?
0
What is the hundreds digit of 1927465867?
8
What is the hundred thousands digit of 8375519508?
5
What is the hundred thousands digit of 333867220?
8
What is the millions digit of 12642594?
2
What is the hundred thousands digit of 15721890?
7
What is the hundreds digit of 1126020138?
1
What is the thousands digit of 79809950?
9
What is the units digit of 194104787?
7
What is the hundred millions digit of 480476573?
4
What is the hundred thousands digit of 1984603379?
6
What is the units digit of 14811139?
9
What is the ten thousands digit of 172433607?
3
What is the thousands digit of 420268603?
8
What is the ten thousands digit of 1839987895?
8
What is the tens digit of 93217650?
5
What is the ten millions digit of 136173559?
3
What is the thousands digit of 182119424?
9
What is the thousands digit of 44876256?
6
What is the units digit of 18811439?
9
What is the millions digit of 624052457?
4
What is the ten thousands digit of 80304831?
0
What is the ten millions digit of 289325118?
8
What is the millions digit of 339117347?
9
What is the ten thousands digit of 166235514?
3
What is the millions digit of 2557502271?
7
What is the thousands digit of 1811169376?
9
What is the ten thousands digit of 67507494?
0
What is the hundreds digit of 67333481?
4
What is the units digit of 214321830?
0
What is the ten thousands digit of 27113266?
1
What is the thousands digit of 85818190?
8
What is the units digit of 7871004077?
7
What is the tens digit of 5279351825?
2
What is the thousands digit of 175693033?
3
What is the ten millions digit of 548813303?
4
What is the ten thousands digit of 133752873?
5
What is the millions digit of 4424634844?
4
What is the ten millions digit of 39409024?
3
What is the millions digit of 44955259?
4
What is the units digit of 725493567?
7
What is the millions digit of 51840259?
1
What is the tens digit of 3152218283?
8
What is the ten millions digit of 515103866?
1
What is the hundred thousands digit of 574654987?
6
What is the ten thousands digit of 145496683?
9
What is the ten thousands digit of 4717239?
1
What is the thousands digit of 153517509?
7
What is the tens digit of 1402150280?
8
What is the hundreds digit of 43980198?
1
What is the tens digit of 56552156?
5
What is the tens digit of 41516877?
7
What is the tens digit of 653196568?
6
What is the hundred thousands digit of 51374568?
3
What is the ten millions digit of 3953395725?
5
What is the ten millions digit of 82242344?
8
What is the hundreds digit of 2344539030?
0
What is the hundred thousands digit of 1055032745?
0
What is the billions digit of 1587910835?
1
What is the hundred millions digit of 440151701?
4
What is the millions digit of 327444339?
7
What is the ten millions digit of 4784522283?
8
What is the thousands digit of 3773705383?
5
What is the tens digit of 172986293?
9
What is the thousands digit of 553927978?
7
What is the units digit of 165572332?
2
What is the tens digit of 357378882?
8
What is the ten thousands digit of 1712015714?
1
What is the billions digit of 1377274077?
1
What is the hundred thousands digit of 659754342?
7
What is the thousands digit of 5773156?
3
What is the ten thousands digit of 5527251264?
5
What is the hundred thousands digit of 54054360?
0
What is the hundred millions digit of 2705512676?
7
What is the hundred thousands digit of 101351678?
3
What is the hundred thousands digit of 196766213?
7
What is the hundreds digit of 41584846?
8
What is the ten millions digit of 1135489377?
3
What is the thousands digit of 378156120?
6
What is the thousands digit of 977294218?
4
What is the units digit of 279110058?
8
What is the thousands digit of 20672587?
2
What is the units digit of 684824314?
4
What is the hundred thousands digit of 36557385?
5
What is the tens digit of 402815383?
8
What is the ten thousands digit of 287383445?
8
What is the thousands digit of 5300491858?
1
What is the thousands digit of 1514287027?
7
What is the ten thousands digit of 23070769?
7
What is the hundred millions digit of 105864193?
1
What is the ten thousands digit of 76493137?
9
What is the ten thousands digit of 3906163870?
6
What is the billions digit of 2097228721?
2
What is the hundred millions digit of 141032500?
1
What is the tens digit of 42011189?
8
What is the millions digit of 3495734624?
5
What is the ten millions digit of 41507229?
4
What is the units digit of 84553626?
6
What is the ten millions digit of 26740614?
2
What is the ten thousands digit of 2343077758?
7
What is the tens digit of 248703067?
6
What is the hundreds digit of 41534752?
7
What is the ten thousands digit of 140288111?
8
What is the hundreds digit of 583747472?
4
What is the ten millions digit of 615328586?
1
What is the hundreds digit of 4556222666?
6
What is the tens digit of 6340615392?
9
What is the millions digit of 2944476021?
4
What is the millions digit of 1414184264?
4
What is the ten thousands digit of 45639539?
3
What is the hundred millions digit of 225420601?
2
What is the ten thousands digit of 53736669?
3
What is the ten millions digit of 3443019449?
4
What is the hundred thousands digit of 6711559?
7
What is the hundred thousands digit of 254247710?
2
What is the ten thousands digit of 56842326?
4
What is the thousands digit of 32384456?
4
What is the hundred thousands digit of 628693135?
6
What is the hundreds digit of 329377380?
3
What is the hundreds digit of 328481881?
8
What is the millions digit of 31826739?
1
What is the thousands digit of 4866680280?
0
What is the ten millions digit of 134245466?
3
What is the tens digit of 170750841?
4
What is the thousands digit of 1197086825?
6
What is the tens digit of 246323303?
0
What is the hundred millions digit of 125785300?
1
What is the millions digit of 78645588?
8
What is the tens digit of 531027384?
8
What is the ten thousands digit of 32392841?
9
What is the ten thousands digit of 844199805?
9
What is the ten millions digit of 60767333?
6
What is the units digit of 1443348?
8
What is the ten millions digit of 120785102?
2
What is the hundred millions digit of 592221579?
5
What is the thousands digit of 86354483?
4
What is the millions digit of 281347255?
1
What is the millions digit of 2567602568?
7
What is the units digit of 55828974?
4
What is the hundred thousands digit of 55398569?
3
What is the tens digit of 3762131695?
9
What is the ten millions digit of 171684691?
7
What is the ten millions digit of 308139282?
0
What is the thousands digit of 1484250708?
0
What is the hundreds digit of 72979392?
3
What is the hundred millions digit of 386799880?
3
What is the millions digit of 119574294?
9
What is the units digit of 15745461?
1
What is the millions digit of 265965745?
5
What is the millions digit of 421672897?
1
What is the ten millions digit of 7105649807?
0
What is the hundred millions digit of 907077419?
9
What is the ten thousands digit of 88677139?
7
What is the hundred thousands digit of 16263388?
2
What is the ten millions digit of 1406068772?
0
What is the thousands digit of 35385115?
5
What is the units digit of 70176885?
5
What is the ten millions digit of 397124869?
9
What is the ten millions digit of 129123800?
2
What is the ten thousands digit of 125877168?
7
What is the units digit of 45093158?
8
What is the millions digit of 6438257298?
8
What is the hundred millions digit of 784864471?
7
What is the ten thousands digit of 4863333?
6
What is the thousands digit of 75925711?
5
What is the hundreds digit of 27851586?
5
What is the units digit of 43253694?
4
What is the units digit of 1426602078?
8
What is the tens digit of 60755583?
8
What is the billions digit of 1040025750?
